{"id":349,"date":"2018-12-16T11:05:57","date_gmt":"2018-12-16T16:05:57","guid":{"rendered":"https:\/\/fioridiromagna.pe\/plantas\/?page_id=349"},"modified":"2019-01-26T00:13:33","modified_gmt":"2019-01-26T05:13:33","slug":"preguntas-frecuentes-faq","status":"publish","type":"page","link":"https:\/\/fioridiromagna.pe\/plantas\/preguntas-frecuentes-faq\/","title":{"rendered":"Preguntas Frecuentes FAQ"},"content":{"rendered":"<h4>\u00bfPor qu\u00e9 comprar en Fiori di Romagna?<\/h4>\n<p>Fiori di Romagna es una empresa especializada en el cuidado y tratamiento de plantas, contamos con un equipo de profesionales trabajando en ello, nuestros productos est\u00e1n acondicionados para el clima de nuestra ciudad y te ofrecemos las garant\u00edas de supervivencia de tus plantas adquiridas adem\u00e1s te brindamos y asesoramos para sus cuidados de tal manera que su crecimiento sea el correcto, todo esto con el valor agregado de nuestras propuestas art\u00edsticas decorativas hechas por nuestras manos artesanas con la mejor calidad para embellecer vuestros espacios.<\/p>\n<h4>\u00bfEs mi compra segura?<\/h4>\n<p>Si el sitio web cuenta con certificado de seguridad SSL para proteger tus datos y los m\u00e9todos de pago son por v\u00eda tradicional o bien por v\u00eda electr\u00f3nica a trav\u00e9s de XXX el cual cuenta con sistemas de seguridad&#8230;&#8230;.??????<\/p>\n<h4>\u00bfQu\u00e9 hago si tengo dificultades al colocar mi pedido on-line?<\/h4>\n<p>Deber\u00e1s comunicarte con nosotros para solucionar el inconveniente cuanto antes, llamando al 958327676<\/p>\n<h4>\u00bfC\u00f3mo saber si la transacci\u00f3n se realiz\u00f3 con \u00e9xito y si recibieron y aceptaron mi pedido?<\/h4>\n<p>Si selecciona un m\u00e9todo de pago convencional (pago contra entrega, dep\u00f3sito o transferencia interbancaria) Usted debe reportar su pago indicando fecha y n\u00famero de operaci\u00f3n para validar su pedido, una vez confirmado el pago usted recibir\u00e1 un email sobre el estatus de su pedido.<\/p>\n<h4>\u00bfC\u00f3mo saber si los cuidados de mi nueva planta?<\/h4>\n<p>Al adquirir uno de los productos de Fiori di Romagna recibir\u00e1s un email a tu correo personal con los cuidados correspondientes seg\u00fan la especie que adquiriste.<\/p>\n","protected":false},"excerpt":{"rendered":"<p>\u00bfPor qu\u00e9 comprar en Fiori di Romagna? Fiori di Romagna es una empresa especializada en el cuidado y tratamiento de plantas, contamos con un equipo de profesionales trabajando en ello, nuestros productos est\u00e1n acondicionados para el clima de nuestra ciudad y te ofrecemos las garant\u00edas de supervivencia de tus plantas adquiridas adem\u00e1s te brindamos y [&hellip;]<\/p>\n","protected":false},"author":1,"featured_media":0,"parent":0,"menu_order":0,"comment_status":"closed","ping_status":"closed","template":"","meta":{"ocean_post_layout":"full-width","ocean_both_sidebars_style":"","ocean_both_sidebars_content_width":0,"ocean_both_sidebars_sidebars_width":0,"ocean_sidebar":"0","ocean_second_sidebar":"0","ocean_disable_margins":"enable","ocean_add_body_class":"","ocean_shortcode_before_top_bar":"","ocean_shortcode_after_top_bar":"","ocean_shortcode_before_header":"","ocean_shortcode_after_header":"","ocean_has_shortcode":"","ocean_shortcode_after_title":"","ocean_shortcode_before_footer_widgets":"","ocean_shortcode_after_footer_widgets":"","ocean_shortcode_before_footer_bottom":"","ocean_shortcode_after_footer_bottom":"","ocean_display_top_bar":"default","ocean_display_header":"default","ocean_header_style":"","ocean_center_header_left_menu":"0","ocean_custom_header_template":"0","ocean_custom_logo":0,"ocean_custom_retina_logo":0,"ocean_custom_logo_max_width":0,"ocean_custom_logo_tablet_max_width":0,"ocean_custom_logo_mobile_max_width":0,"ocean_custom_logo_max_height":0,"ocean_custom_logo_tablet_max_height":0,"ocean_custom_logo_mobile_max_height":0,"ocean_header_custom_menu":"0","ocean_menu_typo_font_family":"0","ocean_menu_typo_font_subset":"","ocean_menu_typo_font_size":0,"ocean_menu_typo_font_size_tablet":0,"ocean_menu_typo_font_size_mobile":0,"ocean_menu_typo_font_size_unit":"px","ocean_menu_typo_font_weight":"","ocean_menu_typo_font_weight_tablet":"","ocean_menu_typo_font_weight_mobile":"","ocean_menu_typo_transform":"","ocean_menu_typo_transform_tablet":"","ocean_menu_typo_transform_mobile":"","ocean_menu_typo_line_height":0,"ocean_menu_typo_line_height_tablet":0,"ocean_menu_typo_line_height_mobile":0,"ocean_menu_typo_line_height_unit":"","ocean_menu_typo_spacing":0,"ocean_menu_typo_spacing_tablet":0,"ocean_menu_typo_spacing_mobile":0,"ocean_menu_typo_spacing_unit":"","ocean_menu_link_color":"","ocean_menu_link_color_hover":"","ocean_menu_link_color_active":"","ocean_menu_link_background":"","ocean_menu_link_hover_background":"","ocean_menu_link_active_background":"","ocean_menu_social_links_bg":"","ocean_menu_social_hover_links_bg":"","ocean_menu_social_links_color":"","ocean_menu_social_hover_links_color":"","ocean_disable_title":"default","ocean_disable_heading":"default","ocean_post_title":"","ocean_post_subheading":"","ocean_post_title_style":"","ocean_post_title_background_color":"","ocean_post_title_background":0,"ocean_post_title_bg_image_position":"","ocean_post_title_bg_image_attachment":"","ocean_post_title_bg_image_repeat":"","ocean_post_title_bg_image_size":"","ocean_post_title_height":0,"ocean_post_title_bg_overlay":0.5,"ocean_post_title_bg_overlay_color":"","ocean_disable_breadcrumbs":"default","ocean_breadcrumbs_color":"","ocean_breadcrumbs_separator_color":"","ocean_breadcrumbs_links_color":"","ocean_breadcrumbs_links_hover_color":"","ocean_display_footer_widgets":"default","ocean_display_footer_bottom":"default","ocean_custom_footer_template":"0","footnotes":""},"class_list":["post-349","page","type-page","status-publish","hentry","entry","owp-thumbs-layout-horizontal","owp-btn-normal","owp-tabs-layout-section","has-no-thumbnails"],"_links":{"self":[{"href":"https:\/\/fioridiromagna.pe\/plantas\/wp-json\/wp\/v2\/pages\/349","targetHints":{"allow":["GET"]}}],"collection":[{"href":"https:\/\/fioridiromagna.pe\/plantas\/wp-json\/wp\/v2\/pages"}],"about":[{"href":"https:\/\/fioridiromagna.pe\/plantas\/wp-json\/wp\/v2\/types\/page"}],"author":[{"embeddable":true,"href":"https:\/\/fioridiromagna.pe\/plantas\/wp-json\/wp\/v2\/users\/1"}],"replies":[{"embeddable":true,"href":"https:\/\/fioridiromagna.pe\/plantas\/wp-json\/wp\/v2\/comments?post=349"}],"version-history":[{"count":18,"href":"https:\/\/fioridiromagna.pe\/plantas\/wp-json\/wp\/v2\/pages\/349\/revisions"}],"predecessor-version":[{"id":1173,"href":"https:\/\/fioridiromagna.pe\/plantas\/wp-json\/wp\/v2\/pages\/349\/revisions\/1173"}],"wp:attachment":[{"href":"https:\/\/fioridiromagna.pe\/plantas\/wp-json\/wp\/v2\/media?parent=349"}],"curies":[{"name":"wp","href":"https:\/\/api.w.org\/{rel}","templated":true}]}}