{"id":353,"date":"2018-12-16T11:07:49","date_gmt":"2018-12-16T16:07:49","guid":{"rendered":"https:\/\/fioridiromagna.pe\/plantas\/?page_id=353"},"modified":"2019-01-25T23:44:03","modified_gmt":"2019-01-26T04:44:03","slug":"terminos-y-condiciones","status":"publish","type":"page","link":"https:\/\/fioridiromagna.pe\/plantas\/terminos-y-condiciones\/","title":{"rendered":"Terminos y Condiciones"},"content":{"rendered":"<p>POLITICAS LEGALES DE ENTREGA, GARANTIA Y DEVOLUCION DE PRODUCTOS<\/p>\n<p>LEGALES:<br \/>\nFiori di Romagna es responsable del contenido de la pagina, as\u00ed como de la venta, envi\u00f3. Garant\u00eda y devoluci\u00f3n de los productos que en ella se ofrecen. Los precios est\u00e1n consignados en soles Peruanos. Ofrecemos env\u00edos a Arequipa.<\/p>\n<p>PRODUCTOS Y ENTREGA:<br \/>\nLos productos de la web est\u00e1n estandarizados, puedes encontrarlos en nuestra tienda f\u00edsica<br \/>\nLos productos est\u00e1n sujetos al stock disponible<br \/>\nLas im\u00e1genes o fotos son referenciales.<br \/>\nEn las campa\u00f1as de San Valent\u00edn, D\u00eda de la Mujer, D\u00eda de la Secretaria, D\u00eda de la Madre y D\u00eda del Padre; solo se vender\u00e1n los productos del catalogo de dicha temporada.<br \/>\nLos productos se solicitan con 24 a 48 horas de anticipaci\u00f3n seg\u00fan el producto y stock y se aplican recargos si desea tomar el delivery.<br \/>\nEl producto comprado se solicitan de lunes a domingo por medio de la pagina web. www.fioridiromagna.pe<\/p>\n<p>Solo realizamos env\u00edos en la ciudad de Arequipa, dentro del horario establecido de 8am a 8pm. De lunes a s\u00e1bado y domingo sujeto a disponibilidades t\u00e9cnicas<\/p>\n<p>La empresa se reserva el derecho de no procesar un pedido si la direcci\u00f3n de entrega no recepciona el pedido, o la direcci\u00f3n es err\u00f3nea, de ser asi el cliente debe contactarse con la empresa para coordinar un nuevo env\u00edo.<br \/>\nSi se presentase un quiebre de stock que no permita cumplir con el pedido se notificara al cliente y solicitara un cambio de producto o el rembolso correspondiente<\/p>\n<p>DE LA GARANTIA Y DEVOLUCION DE PRODUCTOS<br \/>\nTodos nuestros productos tienen garant\u00eda. Los cambios se aceptar\u00e1n dentro de las 24 horas de recibido el producto. Si el producto lleg\u00f3 en malas condiciones, Fiori di Romagna lo recoger\u00e1 en la direcci\u00f3n donde se realiz\u00f3 la entrega y lo cambiar\u00e1 por el mismo producto en excelentes condiciones previa coordinaci\u00f3n.<\/p>\n<p>El cliente deber\u00e1 contactarse con la tienda dentro del plazo establecido ingresando a la opci\u00f3n cont\u00e1ctenos y\/o v\u00eda telef\u00f3nica.<\/p>\n<p>AREQUIPA<br \/>\nATENCI\u00d3N AL CLIENTE &#8211; 959083036<\/p>\n<p>Horario de Atenci\u00f3n al Cliente<br \/>\n24 Horas en p\u00e1gina web www.fioridiromagna.pe<\/p>\n<p>Horario de Atenci\u00f3n en Arequipa y Reparto<br \/>\nLunes a Viernes 8am a 8.00pm<br \/>\nS\u00e1bados 8am a 8pm<br \/>\nDomingos y Feriados sujeto a disponibilidad<\/p>\n<p>25 DICIEMBRE Y 1\u00ba ENERO NO HAY ATENCI\u00d3N EN LOS CANALES DE VENTAS.<\/p>\n<p>Fotos referenciales. Todos nuestros precios incluyen impuestos.<br \/>\nToda entrega se aplicar\u00e1 costo de delivery el cual depender\u00e1 de la zona.<\/p>\n<p>POLITICAS DE REEMBOLSO<br \/>\nEn caso de que Fiori di Romagna no pueda realizar una entrega en la fecha indicada nos comunicaremos con el cliente. En caso este ya no desee los productos solicitados se proceder\u00e1 a la devoluci\u00f3n del importe de la compra.<\/p>\n<p>ENV\u00cdOS AN\u00d3NIMOS Y MENSAJES OFENSIVOS:<br \/>\nFiori di Romagna, se reserva el derecho de no procesar o anular ordenes con mensajes sin firma o con seud\u00f3nimos. Tambi\u00e9n mensajes que se puedan considerar ofensivos para la persona que recibe los regalos, esto queda a criterio de la empresa<br \/>\nFiori di Romagna no envia arreglos an\u00f3nimos. Cuando el cliente no coloca su nombre en el mensaje, la empresa colocara el nombre de la persona que ha hecho el pedido.<\/p>\n","protected":false},"excerpt":{"rendered":"<p>POLITICAS LEGALES DE ENTREGA, GARANTIA Y DEVOLUCION DE PRODUCTOS LEGALES: Fiori di Romagna es responsable del contenido de la pagina, as\u00ed como de la venta, envi\u00f3. Garant\u00eda y devoluci\u00f3n de los productos que en ella se ofrecen. Los precios est\u00e1n consignados en soles Peruanos. Ofrecemos env\u00edos a Arequipa. PRODUCTOS Y ENTREGA: Los productos de la [&hellip;]<\/p>\n","protected":false},"author":1,"featured_media":0,"parent":0,"menu_order":0,"comment_status":"closed","ping_status":"closed","template":"","meta":{"ocean_post_layout":"full-width","ocean_both_sidebars_style":"","ocean_both_sidebars_content_width":0,"ocean_both_sidebars_sidebars_width":0,"ocean_sidebar":"0","ocean_second_sidebar":"0","ocean_disable_margins":"enable","ocean_add_body_class":"","ocean_shortcode_before_top_bar":"","ocean_shortcode_after_top_bar":"","ocean_shortcode_before_header":"","ocean_shortcode_after_header":"","ocean_has_shortcode":"","ocean_shortcode_after_title":"","ocean_shortcode_before_footer_widgets":"","ocean_shortcode_after_footer_widgets":"","ocean_shortcode_before_footer_bottom":"","ocean_shortcode_after_footer_bottom":"","ocean_display_top_bar":"default","ocean_display_header":"default","ocean_header_style":"","ocean_center_header_left_menu":"0","ocean_custom_header_template":"0","ocean_custom_logo":0,"ocean_custom_retina_logo":0,"ocean_custom_logo_max_width":0,"ocean_custom_logo_tablet_max_width":0,"ocean_custom_logo_mobile_max_width":0,"ocean_custom_logo_max_height":0,"ocean_custom_logo_tablet_max_height":0,"ocean_custom_logo_mobile_max_height":0,"ocean_header_custom_menu":"0","ocean_menu_typo_font_family":"0","ocean_menu_typo_font_subset":"","ocean_menu_typo_font_size":0,"ocean_menu_typo_font_size_tablet":0,"ocean_menu_typo_font_size_mobile":0,"ocean_menu_typo_font_size_unit":"px","ocean_menu_typo_font_weight":"","ocean_menu_typo_font_weight_tablet":"","ocean_menu_typo_font_weight_mobile":"","ocean_menu_typo_transform":"","ocean_menu_typo_transform_tablet":"","ocean_menu_typo_transform_mobile":"","ocean_menu_typo_line_height":0,"ocean_menu_typo_line_height_tablet":0,"ocean_menu_typo_line_height_mobile":0,"ocean_menu_typo_line_height_unit":"","ocean_menu_typo_spacing":0,"ocean_menu_typo_spacing_tablet":0,"ocean_menu_typo_spacing_mobile":0,"ocean_menu_typo_spacing_unit":"","ocean_menu_link_color":"","ocean_menu_link_color_hover":"","ocean_menu_link_color_active":"","ocean_menu_link_background":"","ocean_menu_link_hover_background":"","ocean_menu_link_active_background":"","ocean_menu_social_links_bg":"","ocean_menu_social_hover_links_bg":"","ocean_menu_social_links_color":"","ocean_menu_social_hover_links_color":"","ocean_disable_title":"default","ocean_disable_heading":"default","ocean_post_title":"","ocean_post_subheading":"","ocean_post_title_style":"","ocean_post_title_background_color":"","ocean_post_title_background":0,"ocean_post_title_bg_image_position":"","ocean_post_title_bg_image_attachment":"","ocean_post_title_bg_image_repeat":"","ocean_post_title_bg_image_size":"","ocean_post_title_height":0,"ocean_post_title_bg_overlay":0.5,"ocean_post_title_bg_overlay_color":"","ocean_disable_breadcrumbs":"default","ocean_breadcrumbs_color":"","ocean_breadcrumbs_separator_color":"","ocean_breadcrumbs_links_color":"","ocean_breadcrumbs_links_hover_color":"","ocean_display_footer_widgets":"default","ocean_display_footer_bottom":"default","ocean_custom_footer_template":"0","footnotes":""},"class_list":["post-353","page","type-page","status-publish","hentry","entry","owp-thumbs-layout-horizontal","owp-btn-normal","owp-tabs-layout-section","has-no-thumbnails"],"_links":{"self":[{"href":"https:\/\/fioridiromagna.pe\/plantas\/wp-json\/wp\/v2\/pages\/353","targetHints":{"allow":["GET"]}}],"collection":[{"href":"https:\/\/fioridiromagna.pe\/plantas\/wp-json\/wp\/v2\/pages"}],"about":[{"href":"https:\/\/fioridiromagna.pe\/plantas\/wp-json\/wp\/v2\/types\/page"}],"author":[{"embeddable":true,"href":"https:\/\/fioridiromagna.pe\/plantas\/wp-json\/wp\/v2\/users\/1"}],"replies":[{"embeddable":true,"href":"https:\/\/fioridiromagna.pe\/plantas\/wp-json\/wp\/v2\/comments?post=353"}],"version-history":[{"count":4,"href":"https:\/\/fioridiromagna.pe\/plantas\/wp-json\/wp\/v2\/pages\/353\/revisions"}],"predecessor-version":[{"id":1171,"href":"https:\/\/fioridiromagna.pe\/plantas\/wp-json\/wp\/v2\/pages\/353\/revisions\/1171"}],"wp:attachment":[{"href":"https:\/\/fioridiromagna.pe\/plantas\/wp-json\/wp\/v2\/media?parent=353"}],"curies":[{"name":"wp","href":"https:\/\/api.w.org\/{rel}","templated":true}]}}